27*z**2 - 58*z + 11. Calculate t(2).
27
Let u(w) = -30*w + 556. Give u(19).
-14
Let r(y) = 752*y + 3773. Give r(-5).
13
Let n(v) = 15*v**2 - 109*v - 320. Calculate n(-3).
142
Let r(l) = -206*l - 13. Give r(-1).
193
Let z(y) = -5*y**2 - 181*y + 76. Give z(-37).
-72
Let o(q) = 382*q + 759. Calculate o(-2).
-5
Let i(n) = n**2 + 150*n + 4590. Give i(-106).
-74
Let n(u) = u**3 + 12*u**2 - 43*u + 83. Determine n(-14).
293
Let q(m) = 30*m**2 - 600*m - 17. Calculate q(20).
-17
Let q(j) = 4*j**2 - 543*j - 2958. Determine q(141).
3
Let z(w) = 3*w**3 + 97*w**2 + 31*w + 29. Calculate z(-32).
61
Let l(h) = -2*h**2 - 90*h + 1887. Determine l(-61).
-65
Let o(u) = u**3 + 11*u**2 + 20*u + 237. Give o(-11).
17
Let l(d) = -2*d**3 + 48*d**2 - 27*d + 654. Determine l(24).
6
Let b(q) = -q**3 - 34*q**2 + 37*q + 32. What is b(-35)?
-38
Let v(k) = -20*k**3 - 241*k**2 - 10*k + 29. Determine v(-12).
5
Let u(b) = 47*b - 45. Determine u(-4).
-233
Let f(z) = -42*z + 503. Calculate f(9).
125
Let n(v) = -26*v + 933. What is n(36)?
-3
Let a(u) = 709*u - 703. What is a(1)?
6
Let q(i) = 10*i + 423. What is q(-41)?
13
Let z(g) = -21*g**2 + 3*g. Determine z(2).
-78
Let u(r) = -13*r**3 - 5*r**2 - 6*r - 8. Give u(-3).
316
Let h(d) = 4*d**2 - 10*d - 527. What is h(-16)?
657
Let x(d) = -d**2 - 198*d + 16843. Give x(64).
75
Let v(c) = -7794*c + 54567. Calculate v(7).
9
Let g(z) = -17*z**2 + 138*z - 137. Determine g(1).
-16
Let d(f) = -f**3 + 65*f**2 + 62*f + 193. Determine d(66).
-71
Let r(z) = z**3 + 83*z**2 + 637*z + 45510. Give r(-82).
0
Let x(m) = -m**2 - 11*m + 66. Give x(4).
6
Let r(j) = -j**3 - 34*j**2 - 63*j - 991. Determine r(-33).
-1
Let j(h) = -h**2 - 41*h - 466. Calculate j(-14).
-88
Let d(b) = 32*b**2 - 129*b + 7. Calculate d(4).
3
Let p(b) = -3*b**2 - 32*b - 139. Give p(-6).
-55
Let n(k) = 30*k + 260. Calculate n(-6).
80
Let y(j) = 10*j**2 - j + 6. What is y(2)?
44
Let f(s) = -1047*s + 245004. Determine f(234).
6
Let o(d) = -3*d**3 + 68*d**2 - 94*d + 1100. Determine o(22).
0
Let k(f) = -20*f**2 - 199*f + 30. Calculate k(-11).
-201
Let f(h) = h**2 + 23*h - 656. Calculate f(-40).
24
Let x(q) = 7105*q + 7105. What is x(-1)?
0
Let f(g) = -464*g**2 + 7*g - 4. Calculate f(1).
-461
Let w(b) = 51*b**2 + 252*b - 15. What is w(-5)?
0
Let c(r) = -r**3 + 47*r**2 + 2755*r - 73. Give c(81).
8
Let m(h) = h**3 - 173*h**2 + 1928*h + 647. Determine m(161).
3
Let i(v) = v**3 + 71*v**2 + 64*v - 397. Calculate i(-70).
23
Let p(c) = -142*c + 562. What is p(4)?
-6
Let b(a) = 8*a**2 + 4*a - 159. Determine b(7).
261
Let g(s) = -24*s**3 + 5*s**2 - 41*s + 76. Give g(2).
-178
Let n(q) = -2*q**2 - 52*q - 322. What is n(-12)?
14
Let g(t) = -1729*t - 24207. What is g(-14)?
-1
Let h(x) = -52*x - 1528. Determine h(-29).
-20
Let m(p) = 2*p**3 - 32*p**2 + 40*p + 72. Calculate m(14).
-152
Let s(p) = -p**3 + 6*p**2 - p - 9. Calculate s(5).
11
Let l(d) = 31*d - 108. What is l(-2)?
-170
Let l(f) = 23*f**2 - 27*f + 121. Determine l(4).
381
Let n(k) = -k**3 - 140*k**2 + 4126*k + 154. What is n(-165)?
-11
Let u(g) = g**2 + 10*g - 172. Calculate u(10).
28
Let c(b) = -29*b + 273. What is c(19)?
-278
Let w(d) = -d**3 - 28*d**2 + 10*d - 24. Calculate w(-29).
527
Let u(l) = -l**3 - 11*l**2 + 16*l + 235. Calculate u(-5).
5
Let d(k) = -56*k - 1582. Calculate d(-30).
98
Let a(q) = 160*q - 325. Determine a(1).
-165
Let i(r) = -195*r - 18123. What is i(-93)?
12
Let x(m) = 7*m + 135. Calculate x(-31).
-82
Let u(t) = 182*t + 256. Give u(0).
256
Let a(m) = 83*m**2 + 242*m - 10. Calculate a(-3).
11
Let d(q) = -179*q - 896. Calculate d(-5).
-1
Let g(w) = -12*w - 60. What is g(-18)?
156
Let b(l) = -186*l + 1446. Calculate b(7).
144
Let o(i) = i**3 - 39*i**2 - 6*i + 274. Give o(39).
40
Let g(j) = 3*j**3 + 200*j**2 + 130*j - 166. Calculate g(-66).
-34
Let a(v) = v**2 + 5*v - 27. What is a(-8)?
-3
Let x(b) = -41*b**2 + 10*b + 20. Determine x(-2).
-164
Let p(o) = -o**3 - 11*o**2 + 11*o + 15. Determine p(-5).
-190
Let s(r) = r**3 + 32*r**2 + 234*r + 24. What is s(-11)?
-9
Let n(z) = -2*z**2 - 8*z - 33. Calculate n(-3).
-27
Let d(c) = -294*c + 4087. Determine d(14).
-29
Let c(g) = 2*g**3 + 40*g**2 + 10*g + 180. Determine c(-20).
-20
Let d(r) = -19*r**2 - 681*r + 154. Determine d(-36).
46
Let u(f) = -4*f**2 - 107*f + 229. Give u(2).
-1
Let r(a) = -a**3 - 3*a**2 - 46*a - 5. What is r(0)?
-5
Let w(b) = 207*b - 472. What is w(2)?
-58
Let f(n) = 49*n + 122. Give f(-3).
-25
Let x(o) = 228*o - 686. What is x(3)?
-2
Let a(m) = -m**2 - 43*m - 153. Give a(-4).
3
Let c(b) = 2*b**2 - 23*b + 42. Give c(16).
186
Let d(b) = 36*b - 144. Calculate d(4).
0
Let a(w) = -2*w**3 - 47*w**2 + 20*w - 29. Give a(-24).
67
Let d(t) = 270*t - 4046. Calculate d(15).
4
Let g(k) = 194*k**3 - k**2 + 13*k + 12. What is g(-1)?
-196
Let d(l) = -121*l - 68. Calculate d(-9).
1021
Let b(a) = -47*a - 2087. What is b(-39)?
-254
Let m(u) = 34*u - 172. Determine m(19).
474
Let l(n) = -n**3 - 7*n**2 - 24*n - 109. What is l(-6)?
-1
Let f(i) = 124*i + 94. What is f(0)?
94
Let j(o) = 417*o - 854. Determine j(2).
-20
Let z(h) = -2*h**3 + 383*h**2 + 583*h - 773. Calculate z(193).
-1
Let r(d) = -343*d - 26693. Determine r(-78).
61
Let i(t) = 2*t**3 - 10*t**2 + 16*t + 14. Determine i(6).
182
Let h(u) = -u**2 + 89*u - 1599. Give h(25).
1
Let w(a) = -a**2 + 55*a - 23. Determine w(56).
-79
Let h(s) = s**3 - 21*s**2 + 55*s - 54. Determine h(18).
-36
Let a(i) = 2175*i + 167479. Give a(-77).
4
Let p(j) = 56*j - 176. Calculate p(3).
-8
Let c(t) = -149*t + 4464. Determine c(30).
-6
Let i(o) = -o**3 - 12*o**2 + 218*o + 16. Calculate i(10).
-4
Let m(k) = 140*k**3 + k**2 - 147*k - 148. Calculate m(-1).
-140
Let u(d) = d**3 + 10*d**2 - 23*d + 24. Give u(-6).
306
Let y(m) = -60*m - 130. What is y(-5)?
170
Let q(l) = 231*l + 2751. What is q(-12)?
-21
Let q(f) = 141*f - 5936. Calculate q(42).
-14
Let m(v) = -5*v**2 - 10*v + 1272. What is m(15)?
-3
Let u(d) = -24*d - 516. Calculate u(-18).
-84
Let v(o) = o**3 + 6*o**2 - 11*o - 28. What is v(-7)?
0
Let z(j) = -j**2 + 3767*j + 37771. Determine z(-10).
1
Let v(c) = c**2 + 11*c - 21. Give v(0).
-21
Let g(h) = 3*h**2 + 110*h + 4. Determine g(-7).
-619
Let a(f) = -195*f**3 - f**2 + 5*f + 5. Calculate a(-1).
194
Let y(q) = -26*q - 560. What is y(-27)?
142
Let s(r) = 1861*r**2 + 9302*r - 10. Calculate s(-5).
5
Let p(l) = 2*l**2 - 96*l + 359. Determine p(44).
7
Let z(a) = -a**3 - a - 139. Give z(0).
-139
Let v(s) = -170*s - 10153. Calculate v(-58).
-293
Let b(a) = a**3 - 16*a**2 + 47*a + 49. Give b(13).
153
Let l(f) = 9*f**3 + 2*f**2 - 71*f + 68. Determine l(1).
8
Let h(d) = 4*d**2 + 5*d + 34. Calculate h(-3).
55
Let o(s) = 2*s**2 - 33*s + 45. What is o(17)?
62
Let b(n) = 51*n + 495. Determine b(-12).
-117
Let u(n) = -16*n - 267. Give u(-12).
-75
Let t(g) = -g - 32. Calculate t(0).
-32
Let m(n) = n**2 - 27*n + 8. What is m(14)?
-174
Let g(v) = 11*v**3 - 3*v**2 - v + 1. Determine g(-1).
-12
Let k(f) = f**2 + 107*f + 1592. Give k(-89).
-10
Let o(a) = a**3 - 35*a**2 - 30*a + 2168. What is o(34)?
-8
Let a(u) = -213*u - 2155. Give a(-6).
-877
Let v(k) = -k**3 - 21*k**2 + 52*k + 76. Give v(-23).
-62
Let i(t) = 168*t**2 + 501*t - 4. Calculate i(-3).
5
Let c(s) = 59*s - 91. What is c(6)?
263
Let d(n) = 2*n**2 + 16*n + 30. Determine d(-4).
-2
Let f(s) = -10*s**2 - 67*s - 29. Determine f(-6).
13
Let r(p) = p**2 + 246*p + 4345. What is r(-19)?
32
Let d(g) = 3*g**2 + 567*g - 672. Determine d(-190).
-102
Let l(s) = -815*s - 2. Determine l(-1).
813
Let k(p) = p**2 - 40*p + 168. Determine k(21).
-231
Let c(y) = 60*y - 132. Give c(5).
168
Let y(k) = -42*k**2 - 9*k - 2. What is y(2)?
-188
Let i(r) = -12*r**2 - 367*r + 157. What is i(-31)?
2
Let h(a) = -17*a - 44. Determine h(6).
-146
Let r(c) = 420*c - 9635. What is r(23)?
25
Let u(t) = -3*t**3 + 25*t**2 + 7*t + 16. Calculate u(7).
261
Let f(g) = g**3 - 5*g**2 - 68*g + 17. Give f(11).
-5
Let y(z) = -z**2 - 365*z - 13278. Determine y(-41).
6
Let v(t) = -15*t - 227. Calculate v(-18).
43
Let g(u) = -u**2 + 32*u - 546. Determine g(38).
-774
Let i(x) = x**3 + 3*x**2 - 11*x + 10. Determine i(1).
3
Let r(p) = -4*p**3 + 26*p**2 + 13*p - 150. What is r(6)?
0
Let w(a) = -a**3 + 16*a**2 - 18*a + 8. Calculate w(8).
376
Let u(g) = 155*g + 485. Calculate u(-3).
20
Let a(x) = -21*x**2 - 326*x + 112. What is a(-16)?
-48
Let d(b) = -b**